tors of 105170033?
105170033
List the prime factors of 110295528.
2, 3, 7, 311, 2111
What are the prime factors of 288949505?
5, 13, 103, 43159
What are the prime factors of 258048679?
7, 53, 137, 5077
List the prime factors of 7880843766.
2, 3, 1313473961
List the prime factors of 63962761.
3881, 16481
What are the prime factors of 76102347?
3, 1061, 23909
What are the prime factors of 16607863?
23, 349, 2069
List the prime factors of 295166526.
2, 3, 1487, 33083
List the prime factors of 121737964.
2, 1931, 15761
List the prime factors of 401876249.
977, 411337
List the prime factors of 131344273.
47, 829, 3371
List the prime factors of 184910095.
5, 73, 127, 3989
List the prime factors of 456153658.
2, 89, 2562661
What are the prime factors of 466396561?
466396561
List the prime factors of 67404615.
3, 5, 41, 127, 863
What are the prime factors of 46151527?
41, 1125647
What are the prime factors of 99120428?
2, 11, 479, 4703
What are the prime factors of 1135772590?
2, 5, 163, 696793
What are the prime factors of 1133406425?
5, 45336257
What are the prime factors of 120445099?
1693, 71143
List the prime factors of 194939012.
2, 19, 113, 22699
What are the prime factors of 385145267?
13, 41, 722599
List the prime factors of 330555732.
2, 3, 13, 193, 10979
List the prime factors of 206520858.
2, 3, 11473381
What are the prime factors of 195997480?
2, 5, 7, 449, 1559
What are the prime factors of 225294019?
31, 7267549
List the prime factors of 739994767.
19, 2049847
What are the prime factors of 620804607?
3, 12043, 17183
List the prime factors of 169851628.
2, 42462907
List the prime factors of 819157134.
2, 3, 37, 997, 3701
List the prime factors of 289536385.
5, 2423, 23899
List the prime factors of 655186645.
5, 83, 911, 1733
What are the prime factors of 758461353?
3, 13, 1495979
List the prime factors of 735251622.
2, 3, 7, 17505991
What are the prime factors of 1230594709?
1230594709
What are the prime factors of 56415595?
5, 157, 71867
List the prime factors of 367143734.
2, 183571867
List the prime factors of 357973444.
2, 89493361
List the prime factors of 969951164.
2, 7, 13, 71, 2887
List the prime factors of 103420446.
2, 3, 71, 103, 2357
List the prime factors of 68153224.
2, 1031, 8263
List the prime factors of 99668042.
2, 17, 2931413
List the prime factors of 1967573194.
2, 379, 2595743
List the prime factors of 49031780.
2, 5, 7, 19, 18433
List the prime factors of 138896.
2, 8681
List the prime factors of 1572892.
2, 67, 5869
What are the prime factors of 328600147?
328600147
List the prime factors of 1094322647.
11, 99483877
List the prime factors of 387697930.
2, 5, 38769793
List the prime factors of 2546416340.
2, 5, 13, 29, 337721
List the prime factors of 6530728.
2, 816341
What are the prime factors of 749169293?
137, 5468389
What are the prime factors of 463291351?
4337, 106823
List the prime factors of 565596371.
13177, 42923
What are the prime factors of 21565512?
2, 3, 299521
What are the prime factors of 35974438?
2, 23, 782053
List the prime factors of 134476378.
2, 7687, 8747
List the prime factors of 391691756.
2, 97922939
List the prime factors of 565303539.
3, 79, 109, 277
List the prime factors of 1577894728.
2, 197236841
List the prime factors of 865932867.
3, 37, 349, 7451
What are the prime factors of 6678640690?
2, 5, 131, 461, 11059
List the prime factors of 265881995.
5, 101, 526499
What are the prime factors of 859100526?
2, 3, 43, 369983
What are the prime factors of 92910907?
1163, 79889
What are the prime factors of 78594218?
2, 39297109
What are the prime factors of 633888206?
2, 7, 29, 67, 3329
List the prime factors of 391836490.
2, 5, 39183649
What are the prime factors of 35142220?
2, 5, 31, 56681
What are the prime factors of 3147382512?
2, 3, 349, 62627
What are the prime factors of 16849211?
223, 75557
List the prime factors of 670334318.
2, 1889, 177431
List the prime factors of 1460710593.
3, 162301177
List the prime factors of 88511542.
2, 7, 903179
What are the prime factors of 18744721?
73, 461, 557
What are the prime factors of 821275320?
2, 3, 5, 6843961
What are the prime factors of 111816047?
7, 79, 241, 839
List the prime factors of 1133046.
2, 3, 19, 3313
What are the prime factors of 4048284296?
2, 7, 31, 269, 8669
List the prime factors of 3451996244.
2, 67, 257, 50119
What are the prime factors of 37565241?
3, 7, 59, 30319
What are the prime factors of 23947895?
5, 41, 116819
What are the prime factors of 18249493?
877, 20809
List the prime factors of 69657673.
1439, 48407
What are the prime factors of 36380236?
2, 31, 43, 6823
What are the prime factors of 250343841?
3, 11, 7586177
List the prime factors of 716707333.
347, 653, 3163
What are the prime factors of 1010953234?
2, 1039, 486503
What are the prime factors of 172832019?
3, 47, 1225759
What are the prime factors of 41296192?
2, 7, 92179
What are the prime factors of 4716299?
7, 29, 3319
List the prime factors of 65990439.
3, 19, 1069
What are the prime factors of 1743245003?
19, 23, 3989119
List the prime factors of 43452919.
43, 103, 9811
List the prime factors of 501037094.
2, 250518547
List the prime factors of 10838169.
3, 113, 10657
List the prime factors of 70113619.
29, 193, 12527
What are the prime factors of 2081967521?
23, 90520327
What are the prime factors of 1237850543?
109, 11356427
What are the prime factors of 247795568?
2, 19, 739, 1103
What are the prime factors of 3430923551?
11, 311902141
List the prime factors of 496071104.
2, 7751111
List the prime factors of 34253339.
34253339
List the prime factors of 1260647347.
53, 947, 25117
What are the prime factors of 30774915?
3, 5, 683887
List the prime factors of 12255711.
3, 13, 23, 1051
List the prime factors of 24350177.
1229, 19813
List the prime factors of 2304527321.
31, 1487, 49993
What are the prime factors of 4327173?
3, 373, 1289
What are the prime factors of 64188071?
1669, 38459
What are the prime factors of 25643453?
11, 29, 80387
What are the prime factors of 2043952035?
3, 5, 653, 208673
List the prime factors of 5747913092.
2, 97, 14814209
List the prime factors of 17166562.
2, 7, 47, 3727
What are the prime factors of 41535775?
5, 1661431
What are the prime factors of 6266854325?
5, 29, 149, 58013
What are the prime factors of 1737352629?
3, 193039181
What are the prime factors of 1032688474?
2, 79, 6536003
What are the prime factors of 128192567?
128192567
List the prime factors of 259822699.
41, 6337139
What are the prime factors of 224665691?
41, 2143, 2557
What are the prime factors of 41527732?
2, 10381933
What are the prime factors of 2171463800?
2, 5, 11, 987029
List the prime factors of 69025063.
211, 327133
List the prime factors of 1670199913.
293, 5700341
List the prime factors of 161411576.
2, 67, 301141
List the prime factors of 265591136.
2, 17, 31, 15749
What are the prime factors of 2797881865?
5, 29, 19295737
What are the prime factors of 13049848?
2, 7, 467, 499
List the prime factors of 10846915.
5, 23, 94321
What are the prime factors of 4139861799?
3, 31, 41, 83, 103, 127
What are the prime factors of 106366290?
2, 3, 5, 307, 11549
List the prime factors of 254657924.
2, 59, 1079059
What are the prime factors of 1706847522?
2, 3, 107, 2658641
What are the prime factors of 1058752999?
1058752999
What are the prime factors of 134421792?
2, 3, 307, 4561
List the prime factors of 26863573.
11, 20183
List the prime factors of 277418199.
3, 1979, 46727
What are the prime factors of 527358331?
283, 1863457
What are the prime factors of 67441836?
2, 3, 7, 11, 10427
List the prime factors of 485579538.
2, 3, 29, 930229
List the prime factors of 5467359860.
2, 5, 4289, 63737
List the prime factors of 572936239.
281, 2038919
What are the prime factors of 2040250981?
2040250981
List the prime factors of 4097009930.
2, 5, 13, 3803, 8287
List the prime factors of 40181225.
5, 7, 32801
List the prime factors of 171846606.
2, 3, 28641101
List the prime factors of 763701376.
2, 67, 89051
What are the prime factors of 190751877?
3, 21194653
What are the prime factors of 8363874?
2, 3, 1393979
List the prime factors of 217637121.
3, 13, 1097, 5087
What are the prime factors of 28008968?
2, 13, 269317
What are the prime factors